- 870 = 0. Is d composite?
True
Let t(l) = -185*l**2 + 42*l + 127. Let u(w) = 277*w**2 - 63*w - 191. Let x(y) = -8*t(y) - 5*u(y). Is x(12) a prime number?
True
Suppose -85*y = -88*y + 24705. Suppose -5*s = 25, -2*f - y = -7*f + 4*s. Is f prime?
False
Let a(j) = -1737*j + 42. Let l be a(-5). Let i = l + -166. Is i a prime number?
False
Let d(t) = 3*t**2 - 47*t + 679145. Is d(0) prime?
False
Suppose 89685 + 27930 = 5*u. Is (-10 - -17) + u + 1 prime?
True
Suppose -6 = 77*i - 83*i. Is 1314 + (-4)/12*3*i a prime number?
False
Suppose -2*b - 5*v + 8946 = -6922, 7937 = b + 2*v. Is b a composite number?
False
Suppose -56*z + 55*z + 4 = 0. Suppose 2*q - t = z*t + 4826, -2*t = 0. Is q a composite number?
True
Let b be (-20)/6*162/15. Let q = b - -38. Suppose 0 = -4*w - 5*p + 5094, 0*w - 2550 = -q*w - 4*p. Is w a composite number?
True
Let c(b) = -b**3 - 16*b**2 - b - 6. Let m be c(-16). Suppose 972 = m*h - 32678. Is h a prime number?
False
Suppose -3*l - 3*f = -10735497 + 1510758, 0 = l + 4*f - 3074919. Is l a composite number?
True
Is (281682/(-9) + -9)*-1 a prime number?
True
Is (-1364)/124 - -1*5 - -128741 prime?
False
Let a(g) = -8*g**3 + g**2 + 8*g - 9. Let v be a(1). Let u(j) be the third derivative of j**5/12 + 11*j**3/6 + 2*j**2. Is u(v) prime?
True
Suppose 17*i - 3*c = 12*i + 12661981, 5*i + 3*c - 12662029 = 0. Is i prime?
True
Let z = -493 - -132510. Is z prime?
False
Let z = -146 - -150. Let w(l) = 108*l + 11. Let d be w(z). Let i = d + 344. Is i prime?
True
Let d = 2698 + 1250. Suppose -4*j + 16640 = -d. Is j a composite number?
False
Suppose -2*b + 11 = -3*o, -3*o = -3*b - 2*b + 32. Let x = 120 + b. Is x a composite number?
False
Let s be (-17556)/(-36) - (-2)/6. Is s + 4 + 0 + 2 + -7 a composite number?
False
Let p(w) = -11*w**2 + 9*w - 5. Let u(c) = -12*c**2 + 10*c - 4. Let t be ((-6)/4)/(-2 - 30/(-12)). Let n(g) = t*p(g) + 2*u(g). Is n(4) prime?
False
Let x(f) = 1220 + 9*f**2 + 48*f**3 + 12*f**3 - 50*f - 1213. Is x(6) a prime number?
False
Is 3971266/19 + -12 + 9 a composite number?
True
Suppose 3*h - 38 + 8 = x, -2*x - 4*h - 10 = 0. Is 3/x - (-47124)/70 prime?
True
Let s(y) = -111*y + 17. Suppose -2*t = -7 + 35. Is s(t) composite?
False
Let u(r) be the third derivative of -3481*r**4/12 - 7*r**3/2 - 146*r**2. Is u(-11) composite?
False
Let v(r) = 114879*r - 1219. Is v(2) composite?
False
Suppose 5*x = -202*f + 206*f + 491095, -3*x - 4*f = -294657. Is x a prime number?
False
Suppose 47*o - 573472 + 179518 = 0. Let y(i) = -i**2 + i + 3059. Let t be y(0). Let m = o - t. Is m a prime number?
True
Let s = -3088 + 43431. Is s prime?
True
Let p(y) = 1083*y**3 - y**2 + 3*y - 3. Let c = 275 + -273. Is p(c) a prime number?
True
Let w be 9*(11864/(-24) - -5). Let u = 9527 + w. Is u a composite number?
True
Let g(q) = 13*q**3 + 4*q**2 - 13*q + 44. Let w be 150/275*(2 + 9). Is g(w) a prime number?
False
Suppose -5*z = -5 + 25, -4*l + 62660 = -4*z. Is l prime?
True
Let v(m) = 7437*m**2 + 90*m + 805. Is v(-10) a prime number?
False
Suppose 4*l - 20*l - 10*l - 78 = 0. Let r(w) = 12*w**3 + 4*w**2 + w + 2. Let p(v) = 12*v**3 + 3*v**2 + 2. Let y(b) = -7*p(b) + 6*r(b). Is y(l) a prime number?
True
Let o(i) = -217 - 14 + 13*i**2 + 104 - 6 + 17*i. Is o(-24) prime?
True
Is (36/(-4))/3 - (-21240)/2 composite?
True
Let k = -767965 + 1946438. Is k a composite number?
True
Let p = -5814 - -10877. Suppose 3*y + 1718 - p = 0. Is y a prime number?
False
Let w(z) = 10563*z - 8. Is w(3) composite?
True
Suppose 0 = -h + 5*b + 307244 + 481747, 0 = -b - 4. Is h prime?
True
Is (-1206026)/(-8) + -1 + (-15)/12 a composite number?
True
Let c = 17137 + -5700. Is c prime?
True
Suppose -65365 = 1949*u - 1954*u. Is u a prime number?
False
Let j(p) = -16*p**2 - 35*p - 49. Let z be j(19). Let u = z - -11517. Is u composite?
True
Is (-2*1/2 + (-147)/(-42))*78382 composite?
True
Let t = 11 + 182. Let s = 671 + -483. Suppose -s - t = -3*m. Is m prime?
True
Let x = 428447 + -300190. Is x prime?
True
Let f = 69091 + -10394. Is f a composite number?
True
Let w(h) = -173929*h - 20. Is w(-1) a composite number?
False
Is 284*8/((-608)/(-2489)) prime?
False
Let p(z) = -13*z - 146. Let a be p(-9). Is -35 - a - 2339/(-1) composite?
False
Let p(k) = -k**2 - 8*k - 25. Suppose -5*d + 9 = 49. Let z be p(d). Is 6/(-15) - 885/z a composite number?
True
Let f(b) = 1748*b - 151. Let g(n) = -349*n + 31. Let d(k) = 6*f(k) + 29*g(k). Let o = 21 - 3. Is d(o) composite?
False
Let z = 651582 - 454339. Is z a composite number?
False
Suppose 5*u - 3127 - 3353 = 0. Suppose 4*i + u = 4*n - i, 2*n + i = 662. Is n prime?
False
Let y be 4458/3 - (-1 + -1). Suppose 12*x - 1548 = y. Is x prime?
False
Let t be 5 + (6362 - (0 - 1)). Suppose 0 = -q + t + 689. Is q a prime number?
True
Suppose 0 = 2*o - 2*d - 28, 2*o + 10 = 3*o - 5*d. Suppose -o*z + 6417 + 4638 = 0. Is z a prime number?
False
Suppose 0*j - 56 = -4*w + 4*j, 3*j - 28 = -4*w. Suppose 5*x = 2*r - w, -4*x + r = -x + 6. Is 2 - 2 - x*4083/6 prime?
True
Let a(q) = -79*q - 78*q - 5 + 50*q + 24. Let z be a(8). Let y = 1606 + z. Is y composite?
False
Suppose 3*d + 11 = 3*m - 4, 4*d + 2 = m. Let n be 1472 + (m + -3 - -1). Let q = -467 + n. Is q prime?
True
Let f(s) = -19*s**3 - 4*s**2 + 21*s + 42. Let q be f(-10). Suppose -2*d = -w + 6703, 2*d = -2*w - 5008 + q. Is w prime?
True
Let m(s) = 275*s**3 + 11*s**2 - 11*s + 9. Let w be m(5). Let v = -16251 + w. Is v prime?
True
Let b(j) = -9*j**3 + 28*j**2 + 182*j + 25. Is b(-18) prime?
True
Suppose -4*q + 651224 + 2463111 = -5*s, 6*s = 5*q - 3892919. Is q a composite number?
True
Let b(q) = 2*q**3 - 14*q**2 - 23*q + 38. Let l = 254 - 239. Is b(l) prime?
False
Suppose -7*t + 3*w + 190 = -5*t, -2*t + 162 = 4*w. Suppose -19414 = -106*k + t*k. Is k composite?
True
Suppose -1282465 = -5*n + 3*n - 3*i, 2*i + 13465849 = 21*n. Is n prime?
False
Suppose a = 3*q + 83, -3*a = -6*q + 11*q - 235. Suppose x + s - 183 - a = 0, -5*x + 4*s = -1279. Is x prime?
False
Let u(a) = -484*a + 150. Let w be u(6). Let m = w - -3896. Is m a composite number?
True
Let u = 106 - 60. Let s = 49 - u. Suppose 4*q - s*o = 820, 4*o - 1014 = -5*q + 5*o. Is q composite?
True
Let u(j) = j**3 + 7*j + 2. Let v be u(0). Suppose 5*n + v*q - 81517 = -10542, -3*q = -2*n + 28409. Is n prime?
True
Let l be (8/(-52) - -5) + 2/13. Let o(d) = 26*d**2 - 19. Is o(l) composite?
False
Let q(u) = 526*u + 671. Is q(12) a prime number?
True
Is 491422*2/6*((-1113)/(-42) + -25) prime?
True
Suppose r + 4 = 2*r. Suppose -2470 = r*c - 778. Let n = c - -610. Is n composite?
True
Let u(l) = l**3 - 13*l**2 + 47*l - 13. Let n be u(8). Is n/((-2408)/(-403584)) + 2/14 a prime number?
True
Let i(d) = 1977*d - 4133. Is i(80) a composite number?
False
Let o = 16 + -18. Let j be (-2)/o - (-12)/4. Suppose -t = -0*t + z - 412, j*z = 4*t - 1624. Is t a prime number?
True
Suppose 10592439 = 233*v + 1926470. Is v prime?
False
Let k(c) = 25*c**3 + 8*c**2 - 6*c + 4. Let n = -53 + 51. Let h be (n - (-3 - -4)/1) + 8. Is k(h) a prime number?
True
Is (7 + (-140)/21 - 477931/(-6))*2 prime?
True
Let q(k) = 2806*k - 1811. Is q(36) a composite number?
True
Suppose 7*l + 4 = 9*l. Suppose -h + l*p + 548 = 0, -5*h - 2*p - 731 + 3435 = 0. Let m = h + 717. Is m prime?
True
Suppose 14*f = -3*f + 289. Let v(y) = 3*y**3 - 32*y**2 + 19*y + 33. Is v(f) prime?
False
Suppose 7520 = 2*v + 2*h, 5*h + 4716 = 2*v - 2797. Suppose -20859 - 12021 = -6*s. Let j = s - v. Is j composite?
False
Let p be 65365/(-51) + 1/(-3). Let u be (126/36)/((-1)/p). Suppose -3*r + 2*r + 5616 = 5*a, 4*a - 5*r = u. Is a a prime number?
True
Suppose 1 = 2*t + 19. Let j(a) = a**3 - 4*a - 5*a + 8*a**2 - 5 - 2 - 8*a. Is j(t) composite?
True
Suppose -3*h + 98 = -2*z, 14 - 60 = -h + 4*z. Is 12255/h + -3*1/2 composite?
True
Let w(z) = z**2 - 6*z - 37. Let r be w(8). Let y(f) = -409*f + 52. Is y(r) composite?
False
Let s(r) = 1279*r**2 + 4*r + 1. Let p(t) = -2*t**2 + 2*t - 1. Let z(o) = -2*p(o) + s(o). Is z(-1) a prime number?
False
Suppose 0 = 4*c - 2*d + 8, 2*c - 16 = 5*c - 4*d. Suppose 4*v = 2*y + 6838, -2*v + 5*y + 113 + 3310 = c. Is v a composite number?
False
Is 60/140 + (-4)/(-6)*(-24024900)/(-70) a prime number?
False
Let a(f) = 760*f**2 - 73*f - 190. Is a(17) a prime number?
False
Let r(m) = m**3 - 7*m**2 + 7*m - 3. Let k be r(6). Let i